(9)?
-6
Let f(q) = -q**2 - q. Let h be 3/(-5)*((3 - 10) + 12). Let r(t) = -2*t**2 + t - 5. Suppose m - 6*m + 5 = 0. Let n(p) = h*f(p) + m*r(p). What is n(-4)?
-5
Let d be ((-6)/4)/((-6)/(-16)). Let a = 31 - 26. Let m(b) = -3*b - b - 4*b + a*b + 4. What is m(d)?
16
Let l(f) = -f**3 - 13*f**2 - 12*f. Let m = -3 + -9. Let j be l(m). Let p be 3 + -6 - (0 - j). Let d(t) = 2*t**2 + 5*t + 3. Calculate d(p).
6
Suppose -80*o + 82*o - 20 = 0. Let n be (-40)/(-25) + (-6)/o. Let z(y) = y - 1. What is z(n)?
0
Let k(t) = 3*t**2 - 18*t - 21. Let i be k(7). Let j(q) = -q**3 - q**2 - 21. Give j(i).
-21
Let p(v) = v + 2. Let b(c) = -10*c + 4*c + 7*c + 3. Let i(s) = 4*b(s) - 7*p(s). Give i(-7).
19
Let w(r) be the third derivative of r**5/20 - r**4/24 + r**3/2 - 3*r**2. Suppose 919 = 12*t + 883. Give w(t).
27
Let j(v) be the third derivative of v**4/24 + v**3 - 6*v**2 + 40. What is j(3)?
9
Suppose v + 20 = -2. Let n = -24 - v. Let b(u) = -u**2 + 3*u + 2. Give b(n).
-8
Let k(q) = 7*q**2 - q - 1. Suppose 10*o = 139 + 361. Let z be (50/10)/((o/4)/5). Give k(z).
25
Let l = 2 + -1. Let g(d) = -44 - 44 - 2*d + 87. What is g(l)?
-3
Let x = 208 + -206. Let q(v) = 3*v**3 - 3*v**2 - v + 5. Let r(h) = -h**3 + h**2 - 2. Let w(o) = -2*q(o) - 5*r(o). Calculate w(x).
0
Let j = -21 - -17. Let w(d) = -5*d**3 + 2*d - 4. Let v(c) = -19*c**3 - 7 + 5*c**3 + 5*c + c**2 - 5. Let s(m) = j*v(m) + 11*w(m). Determine s(3).
1
Let d(h) = 3*h**2 + 9*h - 27. Let o(k) = k**2 + 3*k - 9. Let t(u) = 6*d(u) - 17*o(u). Let w be t(-4). Let f(z) = -z + 5. Calculate f(w).
10
Let k(i) be the second derivative of i**4/6 - 5*i**3/3 + 9*i**2/2 - 118*i - 10. Let j = -10 - -16. What is k(j)?
21
Let o(n) be the second derivative of 7*n**3/6 + 5*n**2/2 + n - 106. Give o(4).
33
Suppose 11*y + 21 = 14*y. Suppose -x + 9 = 2*w, 2*w - y*x + 3*x + 6 = 0. Let k(n) be the second derivative of n**4/12 - 2*n**3/3 + 2*n. Determine k(w).
-3
Let j(r) = r**3 - 3*r**2 + 4*r - 3. Let c be 4 - (-2 + 2 + -8). Let v be -3*((-56)/c + 4). What is j(v)?
1
Let q(i) = i**2 - 4*i. Let k(l) = -l**3 + 6*l**2 - 7*l + 4. Let r be k(5). Let n be 32/(-24)*r/(-4). Let x be n/(-10) + 42/15. What is q(x)?
-3
Let t = -112 + 119. Let a(b) = -b**2 + 8*b - 2. Give a(t).
5
Let i be (1 - 4)*(0 + 1)*1. Let p(x) = 2*x - 2. Give p(i).
-8
Let m = -12 + 17. Let i(j) = -m + 7 - 4*j + j**2 + 3*j. Calculate i(-3).
14
Suppose 0 = 7*k - 12*k + 5*y - 30, -3*k = -2*y + 18. Let c(g) = -g**3 - 5*g**2 + 8*g + 5. Determine c(k).
-7
Let f(h) = -h**2 - 6*h - 2. Let d be f(-5). Let j(o) = -o**2 - 3*o**d + 2*o**3 - 2*o**2 - 4*o**2. Determine j(-7).
0
Let u(m) = 1372*m - 1371*m + 4 + 0 - 5. Determine u(-8).
-9
Let s(b) = 653*b + 2*b**3 - 641*b - b**3 - 14*b**2 + 9. Determine s(13).
-4
Let m be (-3 - 96/(-40))*-5. Let z(j) = j**2 + j. Let b(d) = d**2 + d - 2. Suppose 0 = 4*n + n + 5. Let u(r) = m*z(r) + n*b(r). What is u(-3)?
14
Let x(a) = a - 10. Suppose -3*v + 16 = 2*o - 0*v, -o = -2*v - 15. Let d be x(o). Let f(k) = 2*k**2 - 7*k**2 - d - 8*k + 6*k**2. What is f(6)?
-13
Let x(q) = -2*q + 0*q - 4*q + 3*q. Suppose -2*d - 6 = 2. Give x(d).
12
Suppose -l - 20 = -6*l. Suppose -5*i = v - 11, 0 = i - l*v + 2*v - 11. Let m(t) = t + 9*t**3 + i*t**2 + 2*t**3 - 5 - 10*t**3 - 4*t. Give m(-4).
-9
Let f(b) = 5*b - 3. Let u(x) = -14*x + 9. Let n(w) = -17*f(w) - 6*u(w). Let j be n(-6). Let y(a) = a - 2 + j - 3 - 3. Calculate y(5).
0
Let w be (-3 + 15/6)*2. Let o(s) = -4*s - 2. Let a be o(w). Suppose 8 = -a*d - 0*d. Let k(y) = -y**3 - 5*y**2 - 6*y - 3. Calculate k(d).
5
Let r = 8 - 13. Let h(p) = -5*p - 21. Let i(c) = 8 + 1 - 4 + 0 + c. Let t(m) = -2*h(m) - 9*i(m). Determine t(r).
-8
Let x(d) be the first derivative of -d**3/3 + 5*d**2/2 - d - 890. Suppose p + 3*p + 5*u = 14, -3*p + u = -20. Give x(p).
-7
Let q(g) = -g**3 - 5*g**2 - 5*g - 4. Let x be q(-4). Suppose x*c - 2 = -c. Let a(o) = o**2 + o**c - o**3 - o**3 + 3*o**3 + 3. What is a(-3)?
-6
Suppose -4*q = 3 + 5. Let u be (q + 0)/2 + -4. Let m(n) = 355*n**3 + 3*n + 5 + 1876*n**3 - 2230*n**3 + 6*n**2. What is m(u)?
15
Let n(f) = -3*f - 4*f + 6*f - 6*f + 0*f + f**2. Let s be (4/6)/(6/45). Determine n(s).
-10
Let v(i) = -i**3 - 11*i**2 + i + 2. Let r(w) = -17*w + 91. Let f be r(6). Give v(f).
-9
Let p(i) = -12*i + 117. Let u be p(10). Let z(m) = 3*m + 3 + 0 + 0. Determine z(u).
-6
Let j(o) = 10*o + 2. Suppose -3*b - 3*u - 5 = 16, -15 = 3*b + u. Calculate j(b).
-38
Let m = 638 + -633. Let p(c) be the third derivative of 1/8*c**4 + 2*c**2 + 0*c + 0 - 7/6*c**3 + 1/60*c**m. Calculate p(-5).
3
Suppose 2 = -c - 1. Let a(g) = -g**3 - 3*g**2 + g - 4. Let n(b) = -1. Suppose -2*z + 32 = -6*z + 4*s, -4*z + 3*s - 27 = 0. Let i(m) = z*n(m) + a(m). Give i(c).
-4
Let u be -16 + (-20 + -5)/(-5). Let k(s) = s**3 + 12*s**2 + 10*s - 10. Let i be k(u). Let t(c) = -13*c. What is t(i)?
-13
Let p(y) = -y**3 - 5*y**2 + 6*y + 3. Suppose 39*t = 43*t. Suppose -1 = -4*o + 7, z + o + 4 = t. Determine p(z).
3
Let y be 192/(-9) - (-1)/3. Let f = y - -35. Let c = 19 - f. Let l(h) = -h**3 + 4*h**2 + 4*h + 2. What is l(c)?
-3
Let q(z) = -6*z**2 - 4*z - 4. Let h be q(-1). Let l(m) = 4*m + 4*m - 8 + m**2 - 2*m. Determine l(h).
-8
Let a(d) = 4*d - 1. Let o(b) = 7*b - 3. Let i(x) = -5*a(x) + 3*o(x). Give i(-6).
-10
Let a be (-1344)/(-35) - (-4)/(-10). Let o = a - 34. Let f(t) = t + 1. Determine f(o).
5
Let h(v) = 31*v**2 - 4*v + 14. Let j(k) = 8*k**2 - k + 3. Let c(n) = 2*h(n) - 9*j(n). Determine c(-1).
-10
Let d be -7 - 690/(-42) - (-6)/(-14). Suppose d = -i - 2*b, i + 5*b - 7*b = 7. Let u(h) = 3*h**2 + 1 - 1. What is u(i)?
3
Let t(n) be the second derivative of -3/2*n**2 - 11*n + 0 + n**3. Determine t(-4).
-27
Let k(a) = -3*a - 2. Let g = -35 + 45. Suppose -3*q = -1 + g. Calculate k(q).
7
Suppose -5*z + 43 + 21 = 4*b, -2*b + 34 = 3*z. Suppose 0*x + p = 3*x - 1, -b = -3*x - 4*p. Let r(m) = m**2 + 1. Calculate r(x).
2
Let l(k) be the second derivative of -k**5/20 - k**4/2 + 4*k**3/3 - 5*k**2/2 - 2*k. Let s be 1/((8 + (-270)/35)/(-2)). What is l(s)?
-12
Let g(o) = 2*o - 28. Let n be g(15). Let t(k) = -4 + 16*k**2 - 40*k**2 + 5*k + k**3 + 18*k**n. Give t(4).
-16
Suppose -12 + 14 = 2*b. Let n(s) = 16*s**2 + 1. Give n(b).
17
Let i(t) = t**2 + 7*t + 2. Let y be 0/(1 - 0)*-1 - -26. Let k = y - 33. Calculate i(k).
2
Let t(o) be the first derivative of o**7/840 - 7*o**6/360 + o**4/6 - 11*o**3/3 + 16. Let j(d) be the third derivative of t(d). Give j(7).
4
Let u(i) = -i**3 - 7*i**2 + 17*i - 3. Let z be u(-9). Let x(n) = -19*n + 120. Let h be x(z). Let w(r) = -r + 1 - 1 - 1. What is w(h)?
-7
Suppose -1 = -h + n - 2*n, 0 = -3*h - 5*n + 1. Let t = 5 - 3. Let k(p) = -3*p**t + 5 - p - p**h - 18 + 3*p**2. Calculate k(0).
-13
Let l(q) = -2*q**2 + 4*q + 3. Suppose -10 + 4 = -3*g. Let u(f) = -2*f**g - 2*f**2 + 5*f**2 + 0*f**2. Let m be u(2). What is l(m)?
-13
Let c = 0 - -7. Let u(o) = 3*o**2 - 5*o - 8. Let z(a) be the second derivative of -a**4/12 - a**3/6 + a**2/2 + 97*a. Let h(n) = -u(n) - 2*z(n). Calculate h(c).
6
Let x(y) = y + 13. Let w be x(-6). Suppose 1 + w = 4*t. Let c(k) = -6 - k + 9 - 2 - t. What is c(-2)?
1
Suppose -5*f = -4*f - 3. Let a be f + 3 + -4 + 1. Let g(w) = 3*w + 3. What is g(a)?
12
Let k be (-2)/(-4) + (-28)/(-8). Suppose -3*y = -c - k, 4*c - 8*c + 2*y = 6. Let p(m) = 44*m - 25*m - 21*m. Calculate p(c).
2
Let o(z) be the third derivative of -z**6/20 - z**5/60 + z**4/24 + z**3/6 + 15*z**2. Let u(t) = 2*t**3 + t**2 - 2*t - 2. Let x be u(-1). Calculate o(x).
5
Let b(m) = -1 + 15*m + 10*m + 8*m. Give b(-1).
-34
Let j be 88/15 - (-40)/300. Let a be (140/42)/(2/j). Suppose i = 3*i + a. Let b(c) = -c**3 - 6*c**2 - 5*c - 6. Give b(i).
-6
Let v(i) = -i**2 + i - 11. Suppose 2*o + 0*c - 39 = 5*c, o - 17 = 5*c. Let j be (-3)/(-6) + o/4. Suppose j*l = 3*l. Give v(l).
-11
Let z(t) be the first derivative of 5*t**2/2 + t - 54. Let l = 4 + -2. What is z(l)?
11
Let i(c) = -c**2 + 7*c + 11. Let z be (31/(-62))/((-1)/18). Give i(z).
-7
Let t(g) = g + 2. Suppose -2*j + 5*j + 145 = 5*x, 0 = -x - 4*j + 52. Let i be (-9)/(-4) + (-8)/x. Determine t(i).
4
Suppose -z + 5 = f, 5*z = -2*f + z + 12. Let i be 13/f + 3/(-12). Let k(u) be the third derivative of u**5/60 + u**3/6 - 8*u**2 - u. Determine k(i).
10
Let g(k) be the first derivative of k**3/3 - 5*k**2/2 - 3*k + 16. What is g(-3)?
2